)/u)?
7
Let s = 436 + -250. What is the hundreds digit of s?
1
Suppose 14*z = 15*z - 1028. What is the tens digit of z?
2
Let l(k) = -k**3 + 10*k**2 - 12. Let s = 37 - 30. Let m be l(s). Suppose 2*c = -c + m. What is the units digit of c?
5
Let x = -46 - -81. What is the tens digit of (321/(-9))/(x/(-15) - -2)?
0
Let a = 133 + 30. Suppose 205 + a = 4*p. What is the tens digit of p?
9
Suppose -2*o = -2*p - 12, 0*p + 5*p = 3*o - 20. Let i(m) = -m**3 + 6*m**2 + 6*m - 4. What is the units digit of i(o)?
1
Let z(c) = 2*c**2 - 14*c - 11. Let g be z(9). What is the hundreds digit of (-10)/g + (-1174)/(-10)?
1
Let v be 0/(-11) + (0 - 4) + 6. What is the hundreds digit of v + -597*3/(-9)?
2
Let g = -1132 + 1972. What is the tens digit of g?
4
Let c(s) = 2*s - 8. Let f be c(6). Suppose 2*a + 3*a - 498 = t, -f*a + 394 = -3*t. What is the hundreds digit of a?
1
Let c = 64 - 62. Suppose 616 = c*n - 3*x - 0*x, x = 2*n - 620. What is the tens digit of n?
1
Let z = -26 + 29. Let o(k) = 6*k - 2 + 3*k - 2. What is the tens digit of o(z)?
2
Let r be -1*(3 - (0 - -3)). Suppose r = p - 0*p. What is the tens digit of -2 - p - -3 - -12?
1
Suppose -2*b + b + 556 = -2*o, 5*b - 5*o = 2755. What is the hundreds digit of b?
5
What is the tens digit of 6 + -1 + -4 + 75?
7
Suppose 10 - 22 = 3*i, 5*i + 34 = 2*y. Suppose -217 = -y*c + 441. What is the tens digit of c?
9
Let s = 692 + -555. What is the units digit of s?
7
Let a(l) = -l**3 - 5*l**2 - 5*l - 35. What is the tens digit of a(-11)?
4
What is the units digit of (-5)/2*(504/(-30) - -8)?
2
What is the units digit of 3*(-9 + (-1646)/(-3))?
9
Let f = 6301 - 3123. What is the tens digit of f?
7
Let b be 83 + 9*(-3)/(-9). Let g be (-8 + 6)/((-2)/b). Suppose 2*v - 157 = -5*q + 43, -2*q - 2*v + g = 0. What is the tens digit of q?
3
Let p = -74 - -631. What is the tens digit of p?
5
Suppose -540 + 3000 = 4*s. Let q be s/(-10)*2/3. Let t = q + 74. What is the tens digit of t?
3
Suppose -6*s + 7082 = -2890. What is the units digit of s?
2
What is the units digit of (-937 + (-20)/(-5))/(1 + -2)?
3
Suppose 0 = -4*i + 8, x + 3*i - 102 = 19. Let t(f) = f + 18. Let p be t(-13). Suppose w - 15 = j - 4*j, p*j + x = 5*w. What is the units digit of w?
1
Suppose -9*y + 13*y - 2308 = 0. What is the tens digit of y?
7
Let o = -26 + 23. Let t(i) = -i**3 + 8*i + 2. Let z be t(o). Suppose 32 = z*p - 3*p. What is the units digit of p?
6
Let g(z) = -9*z + 5. Suppose 2*l - 3*j = -17, -4*l - 5*j = -j + 4. What is the units digit of g(l)?
1
Suppose -56 = 4*j - 436. Let p = j - 52. What is the tens digit of p?
4
Let h(q) be the second derivative of -q**3 - 17*q**2/2 + 12*q. What is the units digit of h(-4)?
7
Let h = 502 + -230. Suppose 43*s - h = 39*s. What is the units digit of s?
8
Suppose 3*b - 3*n = 6, -25 = -2*b - 0*b - 5*n. Let y be 5/b + 1*18. Suppose -2*w = c - y, w = 2*w - 3*c - 13. What is the units digit of w?
0
Let c = 526 + 3. What is the tens digit of c?
2
Let l be (2/(-4))/((-7)/42). Let t = l - -3. Suppose d = t*b - 5*b - 24, 2*d = -6. What is the units digit of b?
1
Let h = 20 + -8. Let p(m) = m**2 - 4*m - 27. What is the tens digit of p(h)?
6
Let n(g) = -2*g - 9. Let b be n(-7). Suppose -b*x + 4*l + 165 + 45 = 0, -3*x + 109 = l. What is the units digit of x?
8
Suppose 11 = 4*l + 3*x, 4*l - 3*x = -x - 14. Let d be l/((-28)/(-16) - 2). Suppose t = -d*t + 105. What is the units digit of t?
1
What is the units digit of (141/4)/((-99)/(-1056))?
6
Let h be 2/(-8) - (-1001)/(-28). Let d = h + 63. What is the units digit of d?
7
Let j = 279 - -708. What is the units digit of j?
7
Suppose -4*k + 7*k - 21 = -5*i, -4*i + 2 = -5*k. Let v = 30 + i. What is the units digit of v?
3
Let i(z) = 4*z**2 - 95*z - 32. What is the tens digit of i(28)?
4
Let m = 46 + 67. What is the tens digit of m?
1
Let o = 1163 - 593. What is the hundreds digit of o?
5
Suppose 2*w + 6255 = -2*w + i, -w + 3*i = 1561. Let q = -499 - w. What is the tens digit of q/25 - (-2)/5?
4
Let d(z) = -z - 13. Let q be d(-18). Suppose q*r = v - 0*v + 365, -10 = -2*v. What is the units digit of r?
4
Let v(b) = -b**3 + 5*b**2 + b - 2. Let i be v(5). Suppose -5 - 55 = i*o. What is the units digit of ((-28)/(-5))/((-4)/o)?
8
Let g = 979 - 612. Suppose -g = -3*i - 82. What is the tens digit of i?
9
Let b = 107 - 68. Suppose l - 5 = 0, -l - b = 3*h - 4*l. What is the units digit of -1*(-50)/h*-4?
5
Let w be 4/(-14) - (-2048)/112. Suppose 7*b + 2211 = w*b. What is the hundreds digit of b?
2
Suppose 3*b = 12, -5*b = 3*g + 37 - 135. What is the tens digit of g?
2
Suppose -8*w + 72 = -16*w. Let x(m) be the second derivative of m**5/20 + 2*m**4/3 - 5*m**3/3 - 2*m**2 + m. What is the units digit of x(w)?
5
Let a(m) = m**3 - 3*m**2 - 4*m - 6. Let o be a(7). Suppose o = 5*c + 3*t, 5*t + 36 + 94 = 5*c. What is the tens digit of c?
3
Let k be 6*1/(-14) + 6/14. Suppose y + w = -2*w + 73, k = -4*y - 5*w + 299. What is the tens digit of y?
7
Let z = 1108 + -422. What is the units digit of z?
6
Let j be (-4)/10 - 3348/(-20). Suppose -4*k + 81 + j = 0. What is the units digit of k?
2
Let f(y) = y**3 + 6*y**2 - 5*y + 7. Let x be f(-7). What is the hundreds digit of (-5397)/(-49) + 1/x?
1
Suppose 4*q - 305 = 5*b, 3*q - 2*b = 138 + 89. Suppose -3*x - q = -f - x, -f = x - 81. What is the tens digit of f?
7
Let v(i) = 25*i**2 + 3*i + 5. Suppose 14*u = 15*u + 2. What is the units digit of v(u)?
9
Let a = 1358 - 625. What is the hundreds digit of a?
7
Let p be (0 + 2)/(3/(-30)). Let v be p/6*(-21)/14. Suppose 0*i + i - v = 0, 41 = 3*z - 5*i. What is the units digit of z?
2
Let k = 304 + -456. Let j = k + 162. What is the units digit of j?
0
Let u(w) = -w**3 - 3*w**2 - 6*w + 12. Let o be u(-6). Let y = -92 + o. What is the units digit of y?
4
Let q be ((-268)/6)/((-2)/(-3)). Let c = q - -117. What is the tens digit of 1/(-2) + c/4?
1
Suppose 0*j + j = 0. Suppose j = -3*s + 15, -4*s + 5 = -3*b - 6. Suppose 2*v = b*v - 8. What is the units digit of v?
8
Suppose 0 = -4*g - 4*f + 48, 5*g + 3*f - 51 = 5. Let r be ((-6)/(-4))/(g/20). Suppose 4 + 29 = r*i. What is the units digit of i?
1
Let v(y) = 2*y**3 - 13*y**2 - 29*y - 57. What is the units digit of v(12)?
9
Let p = 110 - 57. What is the units digit of p?
3
Let h(j) = 6*j - 4 + 7*j + 17*j - 3*j. What is the tens digit of h(7)?
8
What is the tens digit of (29/((-290)/(-8580)))/((-4)/(-2))?
2
Let n be 0*(-1)/3 - -511. Suppose -5*f + 646 = g, -f - 3*f + 5*g = -n. What is the tens digit of f?
2
Suppose 4*z + z - 25 = 0. Suppose 2*g = -5*o + 11, -z*o = -0*g - 5*g - 25. Suppose 3*r = v + o*v + 83, -3*r + 2*v = -91. What is the units digit of r?
3
Suppose -y + 3*v = -81, -3*y = 2*v - 32 - 178. Suppose i - y = -28. Suppose -3*h + i = -h - 3*x, 4 = x. What is the tens digit of h?
2
Let h(p) = 2*p**2 - 4*p. Suppose -9 = -2*a - a. What is the units digit of h(a)?
6
What is the thousands digit of 16/48 + (-37842)/(-9)?
4
Suppose -3*r - 8 = 10. Let h be ((-18)/(-12))/(r/16). What is the tens digit of (-3)/4*h - -25?
2
Let m be 0/4 - 15/(-1). Let k = m + -13. Suppose 51 + 5 = k*u. What is the tens digit of u?
2
Let b be 2/(-6) + (-565)/(-3). Suppose 5*y - b = -3*u, -y = -0*y + 2. What is the units digit of u?
6
Suppose -2*p + 5*l - 13 + 69 = 0, -l = -2*p + 72. Let v be 5/(10/p) + 1. Suppose -14 = -m + v. What is the tens digit of m?
3
Let c(w) = 2*w + 358. What is the units digit of c(-42)?
4
What is the hundreds digit of 1/2*2*-1 + 553?
5
Suppose -5*c = 3*f + 11, -2*c + 0*f - 14 = -2*f. Let u be 35/20 + (-1)/c. Suppose -u*k - 6 = -44. What is the tens digit of k?
1
What is the units digit of (78/36)/(-13) - (-7)/6?
1
Let u(v) = -v**3 + 4*v**2 + 5*v + 2. Let t be u(5). Let a = -3 - t. Let w(k) = -5*k - 7. What is the units digit of w(a)?
8
Let j be (-7)/(-5) - 1 - 18/(-5). Suppose -j*c + 3*c + 41 = 0. What is the tens digit of c?
4
Suppose 0 = -10*y + 2773 + 1367. What is the hundreds digit of y?
4
Let t(n) = -n + 22. Let g be t(6). Suppose 0 = 2*h - 134 + g. What is the tens digit of h?
5
Suppose -5*j + j = -8. Suppose 5*p + 86 + 3 = 4*r, 34 = -2*p + j*r. What is the units digit of (p/5)/((-1)/5)?
1
Suppose -3*t - 5*h = -5 + 3, -3*h - 12 = 4*t. What is the tens digit of 722/14 - t/14?
5
What is the units digit of (207/(-276))/(2/(-8408))?
3
What is the units digit of 